 = 2*w + y + 2*y. Let p = -32 - -47. What is the remainder when w is divided by p?
13
Suppose -8 = -3*k + 1. Suppose -4*p + 16 + 167 = k*w, -5*w = 2*p - 95. Calculate the remainder when p is divided by 23.
22
What is the remainder when 37 is divided by (-6)/(-2) + (21/3)/1?
7
Let f = 26 + -21. Calculate the remainder when f is divided by 2.
1
Suppose -3*v = m - 7, 4*m = -3*v - 14 + 33. Suppose -3*y + 66 = m*o, 17 = o - y - 3. Calculate the remainder when (-471)/(-9) - (-4)/6 is divided by o.
17
Let y = -9 + 10. Suppose -5*c = u - 112, -28 = -c - 7*u + 4*u. What is the remainder when c is divided by y - (-3*11)/3?
10
Suppose 2*r - 16 = -v + 17, 0 = -4*r - 4*v + 76. What is the remainder when 53 is divided by r?
11
Let v be (0 + 0)/((-4)/2). Suppose 0 = -u - 2*d - d + 20, 3*u - d - 100 = v. What is the remainder when 95 is divided by u?
31
Let w(b) = -b**3 + 8*b**2 - 6*b - 4. Let o be w(7). Suppose 28 = 2*k - 26. What is the remainder when k is divided by (-4)/6 + 44/o?
13
Let k(g) = -g**2 - g - 3. Let u be k(-4). Let n be u/10*8/(-3). Suppose -27 = -n*o + 17. What is the remainder when 21 is divided by o?
10
Let x(q) = q**3 - 6*q**2 + 4*q - 8. Let r(g) be the first derivative of g**3/3 + g**2/2 - 9*g + 2. Calculate the remainder when r(8) is divided by x(6).
15
Let h(l) = -l**3 - 2*l**2 + 2. Let z be h(-2). Suppose -4*g + 2*w = -0*w - 12, 4*g - 3*w - 10 = 0. What is the remainder when (-1 + 14/z)*1 is divided by g?
2
Suppose 3*r + 5*l = r + 82, r - 5*l - 41 = 0. What is the remainder when r is divided by 15?
11
Suppose 4*s + 1 = -5*i + 48, -s = 3*i - 31. Suppose 2*a - i = 27. Calculate the remainder when a is divided by 10.
9
Let c be (-3)/(((-84)/16)/7). Suppose 0*i - 16 = -c*u + 4*i, u + 3*i = 0. What is the remainder when 3 is divided by u?
0
Suppose -5*b = b - 156. Calculate the remainder when 75 is divided by b.
23
Let q be -2 - (0 - 0 - 17). Suppose -5*p + q = 0, 4*p - 46 = -g + p. Suppose 3 + g = u. What is the remainder when u is divided by 14?
12
Let m be 13/5 + 6/15. Suppose -48 = -6*l + m*l. What is the remainder when 2/(-5) - (-696)/15 is divided by l?
14
Suppose -2*c + 18 = -10. What is the remainder when 24 is divided by c?
10
Let n(x) = x**3 + 15*x**2 - 15*x + 32. Calculate the remainder when 156 is divided by n(-16).
12
Suppose 0 = 13*u - u - 156. Calculate the remainder when 37 is divided by u.
11
Let m = -29 + 40. What is the remainder when m is divided by 6?
5
Let q(w) = -3*w. What is the remainder when q(-6) is divided by 5?
3
Suppose 0*f + 214 = -3*k + f, 5*k = -3*f - 366. Let b = k - -106. What is the remainder when b is divided by 12?
10
Suppose 0*s = -5*s + 65. Calculate the remainder when s is divided by 5.
3
Let t be 41/(-4) + 1/4. Let v = -1 - t. Calculate the remainder when 15 is divided by v.
6
Let b(p) = 4*p - 15. Let o = -12 + 17. What is the remainder when 6 is divided by b(o)?
1
Suppose b + 2*b - 18 = 0. Let m(h) = -2*h + 2*h**2 + 5*h**2 + 2 - 3*h**2 - 3*h**2. Calculate the remainder when b is divided by m(2).
0
Let b(n) = -n**2 - 5*n - 3. Let s be b(-3). Let c(q) be the third derivative of q**4/12 - q**3/2 + q**2. What is the remainder when 7 is divided by c(s)?
1
Suppose 2*b - b - 24 = 0. Calculate the remainder when 70 is divided by b.
22
Suppose -5*u + 223 - 29 = 4*h, -3*u + 130 = -h. Calculate the remainder when u is divided by 9.
6
Let o(n) = 6*n + 9. Calculate the remainder when o(3) is divided by 16.
11
Suppose -5*r = -2*a + 19, a - 3*r - 6 = 4. Calculate the remainder when a is divided by 2.
1
Suppose -k + 20 = 2*u + k, u + 4*k - 1 = 0. Let r = 17 - u. Let t = -5 - -8. Calculate the remainder when r is divided by t.
1
Suppose 173 = 5*f - 82. Calculate the remainder when f is divided by 18.
15
Let j = -14 - -22. What is the remainder when j is divided by 3?
2
Let r be (-20*1)/(2/(-4)). Let u = r + -29. What is the remainder when u is divided by 6?
5
Suppose -1 - 1 = -u, -3*u = 3*t + 9. What is the remainder when (t + 8)*(-130)/(-6) is divided by 22?
21
Suppose -j = -2*j + 11. Let r(k) = -k**2 + 3*k**2 + 3 + k**3 + 10*k**2 + 0*k**3 + 11*k. Calculate the remainder when j is divided by r(-11).
2
Let x = 90 + -60. What is the remainder when x is divided by 13?
4
Calculate the remainder when 11 is divided by (-80)/(-25) - 1/5.
2
Let s = -306 - -317. What is the remainder when 2/((-4)/(-86)) - 0 is divided by s?
10
Let z(v) = -v**3 + 12*v**2 + 11. Calculate the remainder when z(12) is divided by 4.
3
Let r be (1 - 0 - 1)/(-1). What is the remainder when 19*(5/5 - 0) is divided by (r + 0 - -2) + 3?
4
Suppose -3 = -u - 1. Suppose 4*d - u*d - 6 = 0. Suppose 15 = 13*t - 8*t. What is the remainder when d is divided by t?
0
Suppose -4*y - 29 + 117 = 0. Let f = -20 + 20. Suppose f*v = -v + y. What is the remainder when v is divided by 8?
6
Suppose 5*w + f = 114 + 46, 0 = 4*w - 2*f - 114. Let k = -16 + w. Calculate the remainder when 44 is divided by k.
14
Suppose 5*n = 4*h + 353, 0 = 3*n + 4*h - 207 + 8. Calculate the remainder when n is divided by 14.
13
Suppose 2*c = -c + 30. Let w(j) = j**2 - 6*j + 5. Let k be w(6). Suppose -k = -h + 14. Calculate the remainder when h is divided by c.
9
Let b(c) = c**3 - 5*c**2 - 3*c - 2. Let n be b(6). Suppose -2*q + 8 = -n. Suppose z + q = 40. Calculate the remainder when z is divided by 10.
8
Calculate the remainder when 10/(-45) + (-380)/(-9) is divided by 15.
12
Suppose w - 2*k - 53 = 3*k, 108 = 3*w + 2*k. Calculate the remainder when w is divided by 14.
10
Let u(o) = -o**3 + 7*o**2 + o + 3. Suppose 3*z - 2 = f + 4*z, -3*f + 2*z = -19. Calculate the remainder when u(7) is divided by f.
1
Let n = 1 + -3. Let p be (0 - 2/n)*2. Calculate the remainder when 14 is divided by 10/p*16/10.
6
Let h = 14 - 6. Let b = 38 + -10. Calculate the remainder when b/(-6)*(-5 + 2) is divided by h.
6
Let m = 1 + 52. Calculate the remainder when m is divided by 28.
25
Suppose -2*z + 28 = -110. What is the remainder when z is divided by 24?
21
Suppose 4*o + 5*z = 26, -5*o + 0*z + z + 18 = 0. What is the remainder when (-1 + 0)/((-1)/10) is divided by o?
2
Suppose 1 = c + 5*w + 35, 3*w + 28 = -c. Let m = c + 36. Calculate the remainder when 33 is divided by m.
16
Let b(m) = 9*m + 1. Let i = -3 - -4. What is the remainder when b(i) is divided by 4?
2
Let g(p) = 8*p + 4 - p - 3*p. Let i = -2 - -6. What is the remainder when g(i) is divided by 7?
6
Suppose 0 = k - 2 - 2. Suppose -5*z = 5*v - 255, -v + 0*v = -k*z + 219. Suppose -11*d + 19 = -10*d. Calculate the remainder when z is divided by d.
16
Let u(n) = 6*n + 3. Let t = -11 - -16. Calculate the remainder when u(1) is divided by t.
4
Suppose 2*h = -3*o + 63, -3*h = -3*o - 2*o + 105. Suppose 2*a - 55 = -o. What is the remainder when 31 is divided by a?
14
Let j = -4 - -19. Calculate the remainder when 56 is divided by j.
11
Let p = 4 + -1. Suppose 0*j - 27 = p*j. What is the remainder when 46 is divided by j/(-2)*16/3?
22
Let l(i) = i**3 + i**2 + i + 6. Suppose -4*g = -h + 140, -6*g + g + 2*h - 178 = 0. What is the remainder when (2/4)/((-1)/g) is divided by l(0)?
5
Suppose d - 5*f - 30 = 0, 7*f - 4*f = -5*d + 10. Suppose -d = -m + 1. What is the remainder when 21 is divided by m?
3
Suppose 2 = q - 23. Let c(u) = -5*u - 12. What is the remainder when q is divided by c(-5)?
12
Let z = 184 + -167. Calculate the remainder when z is divided by 6.
5
Suppose -3*h - h - 8 = 0. What is the remainder when 23 is divided by (1 + 11)/(-1 - h)?
11
Let l(i) = 3*i**3. Let s be l(1). Suppose s*u + u = 28. What is the remainder when u is divided by 2?
1
Let k be (-2)/(0 - 2) + -19. Let h = 38 + k. Let l(s) = 11*s**2 - s + 1. Calculate the remainder when h is divided by l(1).
9
Let h(m) = 2*m + 3. What is the remainder when 19 is divided by h(4)?
8
Let o be 3 + -3 + (-12)/2. Let r be o/(-8) + (-49)/28. Let i = r - -3. What is the remainder when 3 is divided by i?
1
Suppose 5*p + 0*o = 4*o + 106, 2*p - 4*o = 40. Suppose p = d + d. Let m(g) = -7*g + 7. What is the remainder when m(-5) is divided by d?
9
Let h = -5 - -2. What is the remainder when 3 is divided by h/((-9)/(-3)) + 3?
1
Let l = 3 - -6. Suppose n - 14 + 4 = 0. Let m = n - 5. What is the remainder when l is divided by m?
4
Suppose -4*i + 5*v + 204 = 0, 3*i + 4*v = -0*i + 122. What is the remainder when i